What is the greatest common factor of 151094080 and 224?
32
What is the greatest common factor of 1339578 and 29970?
162
Calculate the greatest common divisor of 81017786 and 1444.
722
What is the greatest common divisor of 11949432 and 114?
6
Calculate the highest common factor of 55 and 53409829.
11
Calculate the greatest common factor of 513350 and 250.
50
What is the greatest common factor of 53548396 and 88?
44
What is the highest common factor of 64885006 and 870?
58
What is the greatest common factor of 285 and 20933440?
95
What is the highest common factor of 4914 and 5010201?
189
Calculate the highest common divisor of 18094192 and 7728.
368
Calculate the greatest common factor of 228522785 and 10.
5
Calculate the highest common factor of 6769357 and 208033.
1841
Calculate the highest common factor of 30253011 and 305.
61
What is the greatest common factor of 4878054 and 27?
9
What is the highest common factor of 99598915 and 260?
65
Calculate the greatest common factor of 22289 and 34822608.
719
What is the greatest common factor of 571 and 455023619?
571
What is the highest common factor of 485100 and 919170?
630
Calculate the highest common divisor of 243 and 3689550.
81
Calculate the greatest common divisor of 35814437 and 29420.
1471
What is the greatest common factor of 193500958 and 14?
14
Calculate the greatest common divisor of 7 and 7991795.
7
What is the greatest common factor of 222427 and 1313409?
641
Calculate the highest common factor of 800738 and 8662.
142
What is the greatest common factor of 3076934 and 542?
542
Calculate the greatest common divisor of 102256 and 62524.
308
Calculate the greatest common factor of 8535 and 170265.
15
Calculate the greatest common divisor of 6919283 and 3157.
287
What is the greatest common divisor of 1530 and 41045514?
102
Calculate the highest common divisor of 4453 and 14398009.
73
Calculate the highest common factor of 432 and 6898576.
16
Calculate the highest common factor of 894124 and 20636.
308
Calculate the highest common divisor of 23037125 and 592.
37
Calculate the greatest common factor of 3446 and 157350.
2
What is the highest common factor of 233191640 and 11?
11
What is the highest common factor of 5965 and 2548063085?
5965
Calculate the greatest common divisor of 7 and 348296557.
7
Calculate the greatest common factor of 1450 and 6571342.
58
What is the greatest common divisor of 336020300 and 616?
308
Calculate the greatest common divisor of 14964 and 619458.
258
What is the greatest common factor of 23753325 and 33575?
1975
Calculate the greatest common factor of 34757975 and 6975.
775
Calculate the greatest common factor of 972580852 and 92.
92
What is the greatest common factor of 128043755 and 1995?
665
What is the highest common divisor of 68 and 87218500?
68
Calculate the highest common factor of 14512 and 4673771.
907
What is the highest common divisor of 8564326 and 123?
41
What is the greatest common divisor of 10894752 and 95?
19
Calculate the greatest common factor of 99963149 and 3313.
3313
What is the highest common divisor of 904112 and 14477?
467
What is the highest common factor of 605319 and 1729886?
1411
What is the greatest common divisor of 466036 and 92?
4
Calculate the highest common divisor of 46377 and 43785.
9
What is the greatest common factor of 6290880 and 920?
40
What is the highest common divisor of 10994 and 475605937?
5497
What is the greatest common divisor of 551 and 686285?
29
Calculate the greatest common factor of 552 and 1655712.
24
Calculate the highest common divisor of 1370 and 95832870.
1370
Calculate the highest common factor of 23411552 and 320.
32
What is the greatest common divisor of 3916134 and 85023?
1269
Calculate the greatest common divisor of 320 and 1432672.
32
Calculate the greatest common factor of 98237934 and 2754.
2754
What is the greatest common divisor of 534 and 18641673?
267
Calculate the highest common divisor of 50339 and 271547.
709
What is the greatest common divisor of 1073 and 8576933?
37
What is the highest common factor of 28864 and 884118752?
14432
Calculate the greatest common factor of 3408 and 3058893.
213
Calculate the greatest common factor of 88 and 61075432.
88
What is the greatest common divisor of 443 and 25639511?
443
Calculate the highest common factor of 486572 and 412.
412
What is the greatest common divisor of 136 and 216753?
1
Calculate the highest common factor of 270559 and 53587.
41
Calculate the highest common factor of 5148 and 121013568.
468
What is the greatest common factor of 69 and 52374680?
23
Calculate the highest common factor of 299390 and 430.
10
What is the highest common divisor of 11042112 and 56?
8
Calculate the highest common factor of 136 and 45447188.
68
Calculate the greatest common factor of 25029245 and 19220.
4805
Calculate the greatest common factor of 1045374 and 125631.
1551
What is the greatest common factor of 108168135 and 39165?
5595
Calculate the greatest common divisor of 183888 and 9597932.
5108
Calculate the greatest common divisor of 1110 and 1060590.
30
Calculate the greatest common factor of 57761803 and 3014.
1507
Calculate the greatest common factor of 1419921724 and 7748.
7748
What is the highest common factor of 279356754 and 654?
654
Calculate the greatest common divisor of 200634728 and 34216.
2632
What is the greatest common factor of 2724505 and 227563?
133
Calculate the greatest common divisor of 9967114 and 17538.
158
What is the greatest common factor of 55245 and 103965?
435
What is the greatest common factor of 66840 and 46070?
10
What is the greatest common factor of 168 and 504777?
21
Calculate the greatest common factor of 32540 and 6760.
20
What is the greatest common divisor of 71524 and 5084?
4
What is the highest common factor of 282930 and 640?
10
Calculate the greatest common divisor of 22 and 10603782.
2
Calculate the highest common factor of 14839 and 26437631.
781
What is the greatest common divisor of 1747806 and 8769?
111
Calculate the highest common divisor of 121 and 86176013.
11
Calculate the greatest common divisor of 41042766 and 54.
6
What is the greatest common divisor of 17 and 375129344?
17
What is the greatest common factor of 234958672 and 10816?
2704
What is the greatest common factor of 67 and 45098504?
67
Calculate the highest common factor of 273882 and 402.
6
Calculate the greatest common factor of 238488 and 1439592.
456
What is the greatest common divisor of 6617763 and 9?
9
What is the greatest common divisor of 17935 and 108517511?
3587
What is the greatest common factor of 7023552 and 3495?
699
What is the greatest common divisor of 125 and 159599625?
125
What is the greatest common divisor of 35 and 3055369310?
35
What is the greatest common divisor of 151251260 and 17601?
5867
What is the highest common factor of 55639971 and 18?
9
Calculate the greatest common factor of 784 and 46521504.
16
Calculate the highest common divisor of 342079 and 4872228.
3197
What is the highest common divisor of 1708 and 34490498?
854
Calculate the greatest common divisor of 215136815 and 5.
5
Calculate the greatest common divisor of 228 and 60875886.
114
Calculate the highest common divisor of 102 and 21913238.
34
Calculate the highest common divisor of 56240 and 99435835.
3515
What is the highest common factor of 112 and 1697744?
16
What is the greatest common factor of 5137 and 108504?
11
What is the greatest common factor of 3190 and 154394405?
1595
What is the greatest common factor of 3163880 and 30280?
40
Calculate the highest common factor of 120 and 5868490.
10
What is the highest common factor of 701908 and 69736?
1516
What is the highest common factor of 826461 and 8015?
229
Calculate the greatest common divisor of 4589911 and 2192.
137
Calculate the greatest common divisor of 4195962 and 6432534.
9558
What is the highest common divisor of 7093 and 5564718?
173
What is the greatest common divisor of 12716340 and 540?
60
What is the highest common divisor of 2526224 and 36?
4
Calculate the greatest common factor of 452 and 3623006.
226
What is the highest common divisor of 6771121 and 2597?
371
What is the greatest common factor of 1702 and 797134?
46
Calculate the highest common factor of 981600 and